 y(m) = -3*m**3 - 8*m**2 - 2*m + 6. Let a = -74 - -42. Let u = a + 27. Is y(u) a prime number?
True
Let f(a) = -340*a**3 - a**2 - a. Let j be f(-1). Suppose -q = -j - 51. Is q a prime number?
False
Let d be 2/(-1)*(-12 + 6). Suppose 0 = 3*w + w - d. Suppose 89 = m - 2*z, -w*m - 406 = -8*m - 3*z. Is m a composite number?
False
Is 2/(-8)*-668*254/2 a prime number?
False
Suppose 0 = -11*o + 38*o - 1142073. Is o a prime number?
True
Is 201739/153 + ((-20)/9)/(-5) a prime number?
True
Let u(a) = a**2 - 5*a - 15. Let p be u(7). Let h be (p/2)/((-8)/64). Suppose 0 = 4*x - o - 810, h*o + o + 396 = 2*x. Is x composite?
True
Let b be 4*(-4 + (-46)/(-4)). Let k = -26 + b. Suppose 0 = -2*f, o - 310 = -k*f + 369. Is o a prime number?
False
Suppose 9*v - 1394 = 8*v + x, -4*x = 4*v - 5600. Is v a prime number?
False
Is 5/(-2)*2939*18/(-45) composite?
False
Let r(a) = -a**2 + 10*a. Let m be r(10). Let t be (-5)/(-10) + 4162/4. Suppose -7*n + 4*n + t = m. Is n prime?
True
Let n be 2/5 - 3/(-5). Let g(c) = c. Let x(w) = 39*w + 6. Let q(i) = n*x(i) - 4*g(i). Is q(7) a composite number?
False
Let w = 10 - 13. Let o be 3/(-3)*(-1 + w). Suppose -3*q = -o*q + 59. Is q a composite number?
False
Suppose 0*t = -5*t - 4*m - 5885, 4*t = -5*m - 4708. Let v = t - -1790. Is v a composite number?
False
Let f(z) be the third derivative of -243*z**4/4 + 13*z**3/6 - 14*z**2. Is f(-1) a composite number?
False
Let s(w) = -3*w**2 - 2*w + 1. Let q be s(-2). Is 3/((-126)/24) + (-2783)/q a prime number?
True
Let j(r) = 49*r - 25. Let x be j(14). Let k = -452 + x. Is k a prime number?
False
Let c(o) = -231*o - 25. Is c(-6) a prime number?
True
Suppose 0 = -35*b - 11*b + 772754. Is b composite?
True
Let s be ((-1)/(-2))/(2/28). Let o(v) = -v + 9. Let l be o(s). Suppose -l*f + 697 + 477 = 0. Is f prime?
True
Let f be (-4 - 54/(-15)) + 4/10. Suppose f = -4*t + 4382 + 12526. Is t composite?
True
Let a(f) = -5*f - 7. Let i be a(-3). Let k(u) = 2*u**2 + 6*u + 18. Let m(s) = 5*s**2 + 17*s + 53. Let x(j) = i*k(j) - 3*m(j). Is x(8) a composite number?
True
Suppose -3*c - 4093 + 11287 = 0. Suppose 2*g = -a - 1219, 3*g - 3723 - c = 5*a. Let t = a + 1716. Is t prime?
False
Suppose h + q - 39444 = 0, 3*h - 118338 = -6*q + q. Is h a composite number?
True
Let s(l) = l + 10. Let u be s(-6). Let q(k) = 5*k - 2*k**3 - 6*k**2 - 2*k**3 + u + 5*k**3. Is q(6) prime?
False
Suppose a + 3706 = 2*f + 6*a, -2*f = 4*a - 3702. Is f composite?
True
Is (-14 + 108276/(-48))/(1/(-4)) prime?
False
Let z = 122 + 217. Let y = 1490 - z. Is y a prime number?
True
Is (9 + (-30 - -20))/(2/(-14242)) a prime number?
True
Let d be -2*(4 + -5 + -3). Let j be d - 4 - 17*8. Is (-3)/2*j/9 a composite number?
True
Let j = 38858 - 15399. Is j a composite number?
False
Let x be (1 - 3)*(-9)/6. Suppose 3*l - 6*q - 1560 = -x*q, 0 = -2*l - 2*q + 1044. Is l a prime number?
True
Let j be (-8)/((-20)/5)*65. Suppose -x - 45 = -j. Is x prime?
False
Let z(q) = -q + 1. Let w(i) = -65*i + 65. Let v(d) = -w(d) + 52*z(d). Is v(8) a composite number?
True
Suppose -g + 6995 = -7406. Is g prime?
True
Suppose 5*j - b = -5*b + 8, 0 = 2*j - 3*b - 17. Suppose -u + 136 = j*g, -3 = -g + u + 26. Is g composite?
True
Suppose 15*x - 50873 = 471742. Is x prime?
True
Let k(l) = -l**2 - 9*l + 2. Let a = 17 + -16. Let d(s) = -8*s**3 - s**2 + 1. Let j be d(a). Is k(j) prime?
False
Suppose -3*f = 5*y - 26297, 0 = y - f - 2009 - 3244. Is y composite?
True
Suppose 0 = 5*q + 5*g - 4 - 1, -4*g - 4 = 0. Let o be (1056/10)/2*(-70)/(-21). Suppose -q*d = w - o - 78, -d = -w - 127. Is d a prime number?
True
Suppose 3*r - 5*j - 5922 = 0, -5*r + 5*j - 2715 = -12575. Is r prime?
False
Suppose -4*s + 10 = g, -3*s - 8 = -2*g - 21. Let d be (-120)/(-16)*g/3. Is d/6*-3*6 composite?
True
Let b(d) = -2*d + 87. Let r(s) = -2*s + 88. Let u(p) = 5*b(p) - 4*r(p). Is u(0) a composite number?
False
Suppose -3*a + 1 = -2*j, a - 3*j = 3*a - 18. Suppose -a - 42 = -3*o. Is o + (2/(-2) - -1) prime?
False
Let r(d) = 2798*d**2 + d - 1. Let z be r(1). Is z/22 - (-10)/(-55) composite?
False
Let v(q) = -q**3 - 3*q**2 - 3*q - 2. Let d be v(-2). Suppose 2372 = 2*l + y, 5*l - 5943 = -d*y + 4*y. Is l composite?
False
Let b = 14 - 18. Let z be 54/(b + 44/12). Let g = z + 719. Is g prime?
True
Let y = 17087 - 5776. Is y composite?
False
Let m be (-916)/(-44) + 4/22. Is 6/m + 375/35 a prime number?
True
Suppose 4*f = -2*f - 5*f. Suppose 5*v + 423 - 3598 = f. Is v composite?
True
Is (-6 + 16502 + 3)*1 prime?
False
Suppose -3*u + 16 = 4. Let s = u + -2. Suppose -268 = -4*m + s*m. Is m composite?
True
Let v(w) = -w. Let d(o) = -5*o - 13. Let b(n) = -d(n) + 3*v(n). Let q be b(-6). Is 191/((-2 - -3)/q) composite?
False
Let x(p) be the first derivative of -p**4/2 - 14*p**3/3 - 6*p**2 - 13*p + 22. Is x(-12) composite?
False
Let n(o) = -2*o**2 - 7*o + 4. Let k be n(-11). Let d = -135 + 23. Let u = d - k. Is u a composite number?
True
Let b be (-1 + (-274 - -4))*-1. Let k = b + -80. Is k prime?
True
Let k = 371 - 104. Let p = 416 - k. Is p composite?
False
Is 94/(-5)*(-2030)/116 composite?
True
Let n(w) = -w - 6. Let t be n(-3). Is 21*(28/3 + t) prime?
False
Suppose -s = 7*c - 3*c - 1541, -s = -3*c + 1154. Let p = c - 116. Is p composite?
False
Let i(d) = -d**3 - 3*d**2 - 6*d - 4. Let f be i(-3). Let v(c) = c**2 + 6*c + 23. Is v(f) prime?
False
Let w = -16975 - -24468. Is w a prime number?
False
Let h(k) = -200*k**2 - 3. Let x be h(-4). Let j = -1335 - x. Suppose -2*d + p + j = d, 2*p = -d + 625. Is d a composite number?
True
Let w(l) = 2*l**2 + 2*l - 7. Let a be w(-5). Suppose 23 = x + a. Is (15/x)/((-3)/934) a prime number?
True
Let i(p) = -p**2 - 2*p - 1. Let y be i(-2). Is y/(10/4) + (-20721)/(-15) prime?
True
Let x = 4597 + -3109. Let w = x - 581. Is w prime?
True
Is (358082/8)/((-12)/(-48)) composite?
False
Let i(g) = -294*g - 1. Let w(b) = b + 13. Let l be w(-14). Is i(l) prime?
True
Let b = 2403 - 1189. Is b composite?
True
Let p be 6/9*6 - 80. Is (-127)/((2/p*4)/2) a prime number?
False
Suppose 59 = 4*j + 5*g + 18, 3*j = g + 7. Is 1/j - 19575/(-20) prime?
False
Suppose -v + 4*w - 129 = -2*v, 0 = 2*v + 4*w - 270. Let y = -296 - -504. Let k = y - v. Is k composite?
False
Let q(b) = 10*b**2 - 3*b - 5. Let g be q(5). Let o = g - -259. Is o a composite number?
True
Is (-387395 - -104)*2/(-6) composite?
False
Suppose -15 = 3*n, -5*q + n + 6664 = -8351. Suppose 0 = z + 715 - q. Is z a composite number?
False
Suppose b + 25 = 6*b. Suppose -b*t - 2*n = 1295 - 3688, 3*t = -3*n + 1434. Is t composite?
False
Let o(h) = h**3 - 25*h**2 + 25*h - 11. Let v be o(24). Let f(r) = -r**3 + 17*r**2 + 12*r - 3. Is f(v) a prime number?
True
Let u(h) = h**3 - 4*h**2 + 2*h - 4. Let c = 12 - 8. Let k be u(c). Suppose -757 = -3*z + k*p, 31 = 4*z + p - 1010. Is z composite?
True
Suppose 4*j + 1037 = c + 5*j, 3*c + 5*j = 3111. Is c a composite number?
True
Let x be 556/(-12)*-3 + -5. Suppose 1137 = d + x. Is d a composite number?
True
Suppose 0 = -5*m - o + 109670 + 5010, 4*o = -5*m + 114665. Is m prime?
True
Is (890/(-4))/5*(-4 + 2) a composite number?
False
Let q(o) = -o + 7. Let s be q(-4). Let v(u) = -u**3 + 16*u**2 - 16*u - 2. Is v(s) a prime number?
False
Let s(d) = 395*d + 1. Is s(20) a composite number?
False
Is 5 + (7/((-21)/(-34740)) - 6) a composite number?
False
Let b(j) = 2*j - 2. Let l be b(13). Suppose -12 = 4*w - l. Suppose g + w*g = 596. Is g a prime number?
True
Let c(g) = 2*g + 17. Let k be c(-7). Suppose 351 + 42 = k*j. Suppose -v = j - 438. Is v prime?
True
Suppose 9*i + 72364 = 194197. Is i composite?
False
Suppose 0 = 3*f + 2*f + 120. Let h = 55 + f. Is h composite?
False
Let h(c) = -1673*c**2 - 9*c - 15. Let t(z) = 836*z**2 + 4*z + 7. Let u(s) = -6*h(s) - 13*t(s). Let p be u(1). Let w = -432 - p. Is w a prime number?
True
Suppose 144*w + 7115 = 149*w. Is w a prime number?
True
Let c(l) = -20*l**3 - l**2 - 2*l - 3. Let m = -43 - -41. Is c(m) a prime number?
True
Let t(o) = -o**3 - 29*o**2 + 34*o - 21. Is t(-32) a composite number?
True
Suppose 4*i - 29048 = 8*i. Let x = i - -12313. Is x composite?
False
Suppose f - 3*n = -563 + 2731, 2*f + 4*n = 4286. Is f a prime number?
True
Let h = 61757 + -43036. Is h composite?
True
Suppose 5*g - 52 + 122 = 5*n, 5*g = 4*n - 74. Suppose -3*r + 2*f + 193 = 4*f, -r + 8